{"id":113,"date":"2026-03-27T10:00:55","date_gmt":"2026-03-27T10:00:55","guid":{"rendered":"http:\/\/www.borwickbooks.dk\/?page_id=113"},"modified":"2026-03-31T05:01:23","modified_gmt":"2026-03-31T05:01:23","slug":"bio","status":"publish","type":"page","link":"https:\/\/www.borwickbooks.dk\/index.php\/bio\/","title":{"rendered":"BIO"},"content":{"rendered":"\n<div class=\"wp-block-columns is-layout-flex wp-container-core-columns-is-layout-9d6595d7 wp-block-columns-is-layout-flex\">\n<div class=\"wp-block-column is-layout-flow wp-block-column-is-layout-flow\" style=\"flex-basis:33.33%\">\n<figure class=\"wp-block-image size-full\"><img loading=\"lazy\" decoding=\"async\" width=\"591\" height=\"738\" src=\"http:\/\/www.borwickbooks.dk\/wp-content\/uploads\/2026\/03\/Jacob-og-Peter-ca-1964.jpeg\" alt=\"\" class=\"wp-image-114\" srcset=\"https:\/\/www.borwickbooks.dk\/wp-content\/uploads\/2026\/03\/Jacob-og-Peter-ca-1964.jpeg 591w, https:\/\/www.borwickbooks.dk\/wp-content\/uploads\/2026\/03\/Jacob-og-Peter-ca-1964-240x300.jpeg 240w\" sizes=\"auto, (max-width: 591px) 100vw, 591px\" \/><\/figure>\n\n\n\n<p class=\"has-text-align-center\">Jacob og Peter, ca. 1964.<\/p>\n<\/div>\n\n\n\n<div class=\"wp-block-column is-layout-flow wp-block-column-is-layout-flow\"><\/div>\n\n\n\n<div class=\"wp-block-column is-layout-flow wp-block-column-is-layout-flow\" style=\"flex-basis:66.66%\">\n<p><strong>Borwick Books<\/strong> er et mikroforlag etableret i 1921 af br\u00f8drene Jacob og Peter Gammelgaard med det form\u00e5l at udgive eller genudgive egne og familiemedlemmers v\u00e6rker.<\/p>\n\n\n\n<p class=\"has-text-align-left\"><strong>Jacob Gammelgaard<\/strong>&nbsp;er f\u00f8dt i 1956 og er cand.jur. med bifag i litteraturvidenskab fra K\u00f8benhavns Universitet. Jacob har i 25 \u00e5r arbejdet i Europa, Afrika, Asien og Mellemamerika som&nbsp; udviklingskonsulent og leder af&nbsp; juridiske bistandspro-grammer. Siden 2020 har han v\u00e6ret forfatter p\u00e5 fuldtid.<\/p>\n\n\n\n<p>Af forfatteren udkom tidligere tre roste sp\u00e6ndingsroma-ner:&nbsp;<em>Elefanternes tale<\/em>&nbsp;(1993),&nbsp;<em>Filosoffernes restaurant<\/em>&nbsp;(1994) og&nbsp;<em>En salig chef<\/em>&nbsp;(1996), alle p\u00e5 Lindhardt &amp; Ringhof (<a href=\"https:\/\/www.borwickbooks.dk\/#tidligere\" data-type=\"page\" data-id=\"10\">link h\u00e9r<\/a>). I 2024 udkom to politiske romaner fra Vietnam,&nbsp;<em>Little Hanoi<\/em>&nbsp;og&nbsp;<em>Hanoi Noir<\/em>, begge p\u00e5 engelsk, begge p\u00e5 Borwick Books.<\/p>\n\n\n\n<p>Endvidere udkom&nbsp;<em>Liff &#8211; blandet kor for plantestemmer i tiden mellem den femte og sjette massed\u00f8d<\/em>&nbsp;(2021) og den engelske udgave&nbsp;<em>Aliff<\/em>&nbsp;&#8211;<em>&nbsp;mixed chorus for plant voices in the period between the fifth and sixth mass extinctions<\/em>&nbsp;(2021), begge p\u00e5 forlaget&nbsp;<a href=\"http:\/\/www.borwickbooks.dk\/\">Borwick Books<\/a>.<\/p>\n\n\n\n<p><em>De titusind tings blog<\/em>\u00a0\u00e5bnede den 7. juli 2023. I november 2023 udkommer den trykte udgave af de f\u00f8rste 1000 vers i en redigeret udgave p\u00e5 forlaget Borwick Books.\u00a0<em>De titusind tings bog 2<\/em>\u00a0med vers 1001-2000 udkom i maj 2025. Bind 3 med vers 2001-3000 udkom 1. april 2026.<\/p>\n\n\n\n<p>Jacob Gammelgaard har dansk og britisk statsborgerskab. Han bor og arbejder p\u00e5 Stevns.<\/p>\n\n\n\n<p><strong>Peter Gammelgaard<\/strong>&nbsp;(1963-2025) var gartner, digter, tr\u00e6sk\u00e6rer, grafiker, fl\u00f8jtespiller, musikkender og tegner. Siden 1972 og til sin d\u00f8d den 16. august 2025 boede Peter p\u00e5 skolehjemmet Marjatta ved Pr\u00e6st\u00f8, de sidste to \u00e5r p\u00e5 plejehjemmet Heimdal. Peter har tegnet forsiden og alle fuglemotiver p\u00e5 bloggen. Se ogs\u00e5 Peters digtsamling&nbsp;<em>M\u00e5ger over Danmark,<\/em>&nbsp;der udkom i november 2023 p\u00e5 Borwick Books. Peter havde Down\u2019s syndrom.<\/p>\n\n\n\n<p><strong>Borwick<\/strong> er familiens engelske sl\u00e6gtsnavn og betyder nok vig med borg. Navnet er af oldnordisk oprindelse og er f\u00f8rst indf\u00f8rt p\u00e5 de Britiske \u00f8er formodentlig af norske vikinger, der n\u00e5ede Orkney-\u00f8erne.<\/p>\n<\/div>\n<\/div>\n\n\n\n<p><\/p>\n","protected":false},"excerpt":{"rendered":"<p>Jacob og Peter, ca. 1964. Borwick Books er et mikroforlag etableret i 1921 af br\u00f8drene Jacob og Peter Gammelgaard med det form\u00e5l at udgive eller genudgive egne og familiemedlemmers v\u00e6rker. Jacob Gammelgaard&nbsp;er f\u00f8dt i 1956 og er cand.jur. med bifag i litteraturvidenskab fra K\u00f8benhavns Universitet. Jacob har i 25 \u00e5r arbejdet i Europa, Afrika, Asien &hellip; <\/p>\n<p class=\"link-more\"><a href=\"https:\/\/www.borwickbooks.dk\/index.php\/bio\/\" class=\"more-link\">L\u00e6s videre<span class=\"screen-reader-text\"> &#8220;BIO&#8221;<\/span><\/a><\/p>\n","protected":false},"author":2,"featured_media":0,"parent":0,"menu_order":0,"comment_status":"closed","ping_status":"closed","template":"","meta":{"footnotes":""},"class_list":["post-113","page","type-page","status-publish","hentry"],"_links":{"self":[{"href":"https:\/\/www.borwickbooks.dk\/index.php\/wp-json\/wp\/v2\/pages\/113","targetHints":{"allow":["GET"]}}],"collection":[{"href":"https:\/\/www.borwickbooks.dk\/index.php\/wp-json\/wp\/v2\/pages"}],"about":[{"href":"https:\/\/www.borwickbooks.dk\/index.php\/wp-json\/wp\/v2\/types\/page"}],"author":[{"embeddable":true,"href":"https:\/\/www.borwickbooks.dk\/index.php\/wp-json\/wp\/v2\/users\/2"}],"replies":[{"embeddable":true,"href":"https:\/\/www.borwickbooks.dk\/index.php\/wp-json\/wp\/v2\/comments?post=113"}],"version-history":[{"count":12,"href":"https:\/\/www.borwickbooks.dk\/index.php\/wp-json\/wp\/v2\/pages\/113\/revisions"}],"predecessor-version":[{"id":148,"href":"https:\/\/www.borwickbooks.dk\/index.php\/wp-json\/wp\/v2\/pages\/113\/revisions\/148"}],"wp:attachment":[{"href":"https:\/\/www.borwickbooks.dk\/index.php\/wp-json\/wp\/v2\/media?parent=113"}],"curies":[{"name":"wp","href":"https:\/\/api.w.org\/{rel}","templated":true}]}}